 + 10 + 10 + -1
17
10 - (26 - (22 - 10)) - -9
5
Evaluate 3 + -6 - (-4 + (0 - -1)).
0
What is the value of -24 + 1 + (24 - (12 + 10))?
-21
Calculate 1 + -2 + (26 - 28) - 8.
-11
Calculate (-4 - -20) + (70 - 82).
4
(16 + -21 - -7) + 13
15
Calculate 0 - (-3 - (-8 - -9) - -1).
3
What is 14 + -3 + 3 + 10 + 0 + -12?
12
What is the value of -31 - (-9 - 3) - -8 - -6?
-5
What is the value of 9 + (-12 - -13 - 37 - (-7 + 0))?
-20
-5 + 6 + (10 - (38 - (7 - 8)))
-28
Calculate (-2 + 0 - (4 + -5)) + 1 + -4.
-4
(11 - 20 - -2) + 15 + -5
3
What is (1 - -6) + -16 - (0 + -18)?
9
Evaluate (0 + 9 - 3) + 2.
8
What is the value of 4 - -1 - 3 - (-1 + -14)?
17
What is the value of (-18 - -21) + (-1 + -6 - 0)?
-4
What is the value of -10 + 32 - (6 - (4 - -2))?
22
What is -510 + 497 + (3 - 2)?
-12
(9 - -27) + -13 - 30
-7
What is 31 + (-18 - 13) - (0 + 24)?
-24
What is (25 - 37) + -17 + 51?
22
Calculate -1 - (((-26 - -7) + 8 - -5) + -3).
8
What is 6 + -3 + 0 - (9 + -7 + 1)?
0
Evaluate -3 + (1 - -1) + 7 + -9 - 6.
-9
(201 - 178) + (-1 - -5)
27
Evaluate (1 - -5) + -1 - (1554 + -1584).
35
What is the value of -2 + (8 - 15) + 3 - -5?
-1
Evaluate 23 + -5 + 57 + -67 + 3 + 2.
13
Evaluate -5 + 29 + -15 + -3.
6
Evaluate (20 - 22) + -6 - (-17 - 3).
12
What is -10 - (17 + -3 - 23) - (-13 + 0)?
12
Evaluate (-11 + 16 - -7) + 7 + (5 - 5).
19
What is 3 + -7 + (1 - (1 - -4))?
-8
Calculate (1 - -1) + ((16 - 5) + -10 - -3).
6
(3 + 2 + 5 - (35 + -33)) + -6
2
37 + -29 + 5 + 13
26
Calculate 19 - (1 + 0) - (-183 + 190).
11
Calculate -14 + -1 + 7 - -21 - 8.
5
80 + -98 + 0 + 63 - (7 - -1)
37
What is 18 + 2 - (5 - (13 - 4) - -4)?
20
What is (2 - (-8 - -5 - 1)) + -62 + 60?
4
Evaluate 1 + 28 - (578 - 525).
-24
Calculate -2 - -3 - (10 + -12 - -5).
-2
Evaluate -5 + (-1 + 2 - (10 - 7)).
-7
What is the value of -19 + (6 + -12 - -11 - (-4 - -6))?
-16
Evaluate -8 - -1 - (-34 + 45) - (-3 - 7).
-8
What is the value of (-1 - 37) + (-58 - -127)?
31
What is the value of (-8 - -3) + -2 + (42 - 35)?
0
What is the value of (27 + 17 - 19) + 1 + 0?
26
Evaluate -394 - -374 - (-13 + 0).
-7
Evaluate (15 - 26) + (6 - (-26 + 5)).
16
What is (17 - 18) + (11 - -7)?
17
What is the value of 8 + -42 + 118 + -61?
23
(18 - 1) + -96 + 92
13
31 + -5 + -21 + 10
15
What is -37 - (2 + -16 - ((10 - 2) + -12))?
-27
Calculate -12 + (-1 - 1) + (53 - 48).
-9
What is 3 + -9 + (-13 + (7 - -49) - 17)?
20
What is (-14 + 7 - -10) + 11 + -32?
-18
What is 8 + -13 - 1 - (0 - -2 - 1)?
-7
Evaluate 1 + 37 + -38 + -36.
-36
4 - (25 + -33 + 2 + -3)
13
What is (5 - 11 - -8) + -2 + 0?
0
Calculate -38 + 34 - (-6 + -3) - -5.
10
What is the value of -10 - ((2 - 5) + -7)?
0
What is the value of -46 + (10 - -4 - -29)?
-3
Calculate 5 - 29 - -24 - -29.
29
What is (5 - 0) + 1 + (468 - 514)?
-40
Calculate 14 + (0 - (-2 - 0)) + 32 + -34.
14
(-25 - -4) + (54 - 42)
-9
0 + -12 - (22 - 30) - 3
-7
What is the value of (37 - 37) + -4 + 1 + (-7 - -19)?
9
Evaluate (-15 - -12) + 2 + (-6 + 0 - -16).
9
Evaluate (-60 - -53) + (0 - -12) + -1.
4
What is 6 - (11 + (8 - (9 - -11)))?
7
Calculate -6 - ((10 - (-15 - -12)) + (1 - -8)).
-28
What is -6 - ((-3 - (18 - 18)) + -15 + 0)?
12
Evaluate 9 - (6 + 3 + (8 - 5)).
-3
Calculate (-12 - -5 - 4) + 0 + 18.
7
277 - 297 - (0 + (1 + -1 - 5))
-15
What is the value of -16 + (16 - 6) + -7 - -2?
-11
What is the value of (11 + -7 + 1 - 9) + -1 + 20?
15
What is 10 + 0 + -34 + 28?
4
Calculate 25 + (-21 - 29) + (12 - 3).
-16
Calculate -116 + 108 - ((-6 - -4 - -4) + -3).
-7
What is 21 + (7 - 8) + (13 - 4) - 8?
21
Evaluate -9 - (-12 + 1 - 10).
12
What is the value of (-9 - -12) + -16 - 3?
-16
10 + (2 + -33 - (13 + -13))
-21
What is (21 - (-2 + 10)) + (-40 - -3)?
-24
What is the value of 30 + 4 - (-247 + 266)?
15
Evaluate (20 + -39 - -14) + 14.
9
19 - (42 + (-22 - -10))
-11
Evaluate (-30 - -52) + -36 + 20.
6
What is the value of (-2 - -1 - ((-19 - -12) + 11)) + 16?
11
What is the value of 2 + 3 - (5 + -12 + -2)?
14
What is -5 + (-7 - (5 - -13))?
-30
(-5 + 5 - 0) + (5 - 11 - -4)
-2
Calculate 7 + -8 + -1 + 10 + -24.
-16
-10 - (-12 - (-2 - 11))
-11
What is the value of (6 - (-7 + (6 - 14) + 18)) + 11?
14
What is the value of -3 + 20 - (16 + -4 + -2)?
7
28 + -3 + (-12 - ((-13 - -4) + 8))
14
Calculate -32 + -11 + -1 + -4 + 9 + 1.
-38
What is 3 + (2 - 0 - (-23 + 37)) + 5?
-4
-1 - (-8 - -10 - 6) - 7
-4
Evaluate 7 + (-120 - -142) + -9 + -1.
19
Evaluate (3 - (-3 + 3)) + (-220 - -223).
6
What is the value of 516 - 509 - (-2 - -12)?
-3
Evaluate 61 + -71 - (4 - -1 - -5).
-20
Calculate -2 + -24 + -48 + 65.
-9
Calculate 0 + 13 - (155 + -139).
-3
Evaluate 8 + (-17 + 30 - 24).
-3
Evaluate 1 + -2 - 0 - 7 - (-10 - 32).
34
What is (13 - (22 + -11)) + (-3 - (-2 + 3))?
-2
-20 + (-1 - -9) + 0 - -27
15
Evaluate 7 + -35 + (-8 - -1) + 15 + -1.
-21
Evaluate -4 + 9 + 18 + -35.
-12
Evaluate 25 - (18 + 25 + -19).
1
Calculate (15 - 8) + -12 + -7 + 13.
1
93 + -92 + (1 - 7)
-5
What is the value of -1 + -4 - (73 - 65) - (-3 + 7)?
-17
Calculate -2 - ((2 - (-2 - -1)) + 4).
-9
What is the value of (14 + -4 - -2) + -29?
-17
What is the value of 9 + (9 - (-4 + 0 + 12))?
10
Calculate (-9 - (5 + -27)) + -21.
-8
What is the value of (0 + 0 + -4 - 4) + (24 - 40)?
-24
-21 + (10 - 13 - (-4 - 8 - -4))
-16
What is (25 - (7 - -2)) + -7 + 0 + -12?
-3
Evaluate 7 + 14 + (-11 - (-12 + 5)).
17
What is 15 + 7 - (-5 + 0 + 51 + -43)?
19
-2 - 21 - (24 - 62)
15
-15 + -9 + 16 + 6 + (4 - -10)
12
Evaluate 8 + -5 + 17 + (-11 - 1) - 44.
-36
What is the value of 14 + -20 + -12 + 4?
-14
4 + 10 + (-4 + -7 + 5 - 2)
6
What is -11 - ((2 - 24) + -120 + 132)?
-1
Calculate 5 - -9 - (-4 - -2) - (-111 + 120).
7
Calculate -19 - (1 + (-6 - -10) + -12).
-12
What is -1 - (-16 + 7) - (-2 + 3 + 21)?
-14
(3 + (-3 - 2) - -8) + (-19 - -3)
-10
Evaluate 10 + -11 - -5 - -1 - (-4 - -2).
7
Calculate -1 - ((20 - 10) + -3).
-8
Calculate 18 - ((23 - 16) + (1 - 1) - -1).
10
Evaluate (1 - -33) + (118 - 155).
-3
What is -3 + (-3 - -8) - (-32 - -38) - -13?
9
Calculate -12 - -29 - (2 - -9).
6
Evaluate 2 + 27 - (14 + (8 - 29)).
36
Calculate (62 - 48) + (0 - 0) + -6 - -5.
13
What is -3 + (0 + -1 - -13 - -7)?
16
Evaluate -29 - (-12 + (-17 - -24)).
-24
(-5 - 1 - (-34 + 30)) + 3 + -1
0
What is 1 - 0 - (5 + (-34 - -33))?
-3
Calculate (7 + (12 - 33) - -3) + 3.
-8
What is the value of -13 - -38 - (7 + 11 + -5)?
12
What is 17 - (-4 - -20 - 8)?
9
Calculate -30 - (23 + (-4 - 7)) - -17.
-25
Evaluate (1 - (3 - (21 - -2))) + -6 + -2.
13
-6 - (-5 + 8 + (-6 - 10))
7
Evaluate -3 + 7 - (-3 - (-5 + 0)).
2
5 + (6 - 2) - 1
8
Calculate 3 - (23 - (24 + -5)).
-1
Calculate 4 - -5 - (17 - 14).
6
Calculate (4 - -4) + -33 + 18.
-7
Evaluate (3 - 1 - 13) + (8 - (0 - -6)).
-9
What is the value of (-8 + (-1 - 7) - -13) + -17?
-20
3 - (-1 - 8 - 0) - 1
11
3 - (-2 + 2 + (4 - (1 - -6)))
6
What is -19 + 32 + -24 + 0 + -1?
-12
10 - (12 + (-14 - -14))
-2
What is the value of 0 - 1 - (-20 - -22 - -2)?
-5
What is 14 + -1 + 112 + -72 + -26?
27
Calculate -37 + (-12 - -14) - (-4 - 7).
-24
Calculate -4 - (20 - (16 - 7)).
-15
What is the value of -14 - (15 + -9 + -35)?
15
Calculate -36 - -34 - 11 - -5.
-8
Evaluate -6 - (-1 + 3 - -2 - (-13 + 15)).
-8
Calculate -5 - (-15 + (21 - (-9 - -21))) - -22.
23
What is the value of (7 - (3 - -3) - -2 - 5) + -3?
-5
Evaluate -16 - (16 + -22 + 4).
-14
What is the value of (-15 + 12 - -15) + 3?
15
Calculate -11 + -9 + (9 - 1).
-12
(5 - 2 - 6) + (5 - -4)
6
Evaluate 17 - (-4 + (20 - -14)).
-13
What is the value of -36 + 35 - (2 - -2) - (6 - -6)?
-17
Evaluate -30 + (-5 - 9 - -30) + 43.
29
4 - (-2 + 5) - (15 + -5)
-9
-22 - ((-18 + 4 - -21) + -14)
-15
What is the value of -9 - (-31 - (1 - 23))?
0
Evaluate -4 + 0 + 4 + -1 + (11 - 10).
0
What is 2 + 1 + 2 - (-117 + 122)?
0
What is (7 - (-12 + 20)) + -19 + 0 + 1?
-19
What is 2 + (-13 + 30 - 22)?
-3
16 - (-6 - -48) - -13
-13
What is 4 + (-20 - -14 - 2)?
-4
Calculate 97 + -90 - (-2 + -1).
10
Calculate 3 + 8 + -2 + -12 + 14 + 6.
17
Calculate 1 - -4 - ((-19 - (0 + -25)) + 34).
-35
What is (8 + -2 - -7 - -8) + -14?
7
Evaluate 1 + -2 + (26 - (-61 + 82)).
4
Evaluate (1 - 0 - -2) + 32 + 423 + -423.
35
What is the value of 2 + -9 + -1 + 17 - 24?
-15
What is -5 + -2 + -12 + -2 + 24?
3
What is 123 + -79 - (-4 + 31)?
17
Evaluate 3 + 0 + -2 + 3 + -332 + 343.
15
Calculate 8 - -1 - (-95 - -119) - -23.
8
What is -24 - -11